t m(i) = i**3 - 80*i**2 + 199*i + 2460. Calculate m(77).
-4
Let q(x) = 3*x**2 - 78*x + 19. Calculate q(27).
100
Let k(p) = -131*p + 6405. What is k(49)?
-14
Let d(m) = -578*m + 35260. Give d(61).
2
Let f(g) = -2*g**2 - 97*g - 192. What is f(-49)?
-241
Let w(f) = -122*f - 8. Give w(0).
-8
Let z(f) = f**3 - 8*f**2 + 13*f + 27. Determine z(7).
69
Let z(u) = 3*u**3 + u**2 - 9*u - 2. Give z(-5).
-307
Let w(v) = 12743*v - 25492. What is w(2)?
-6
Let m(n) = -n**3 - 34*n**2 - 118*n + 1. Give m(-4).
-7
Let b(p) = -170*p**2 + 1018*p + 16. Calculate b(6).
4
Let u(a) = a**3 + 28*a**2 + 114*a + 29. What is u(-23)?
52
Let v(q) = -5*q**2 + 13*q - 38. Give v(4).
-66
Let f(o) = -o**2 - 73*o + 4231. Determine f(-111).
13
Let l(c) = -47*c**2 + 606. Calculate l(0).
606
Let k(f) = -f**2 + 122*f - 1219. Give k(111).
2
Let k(h) = 3*h**2 - 32*h - 14. Give k(11).
-3
Let f(c) = -c**2 - 8*c + 45. What is f(-7)?
52
Let g(t) = -t**2 - 38*t - 155. Determine g(-33).
10
Let q(d) = 278*d**2 + 1105*d + 1. What is q(-4)?
29
Let j(a) = -88*a - 1581. Calculate j(-18).
3
Let t(j) = -201*j**2 + 1458*j - 353. Calculate t(7).
4
Let u(t) = -5*t**3 + 77*t**2 + 52*t + 39. Determine u(16).
103
Let r(g) = -g**3 - 21*g**2 - 20*g - 5. Determine r(-20).
-5
Let b(g) = 661*g - 2481. Calculate b(5).
824
Let y(t) = -14*t + 306. Calculate y(21).
12
Let g(w) = 35*w + 485. Determine g(-13).
30
Let l(b) = -503*b - 2020. Give l(-4).
-8
Let g(v) = -4*v**2 - 49*v + 33. Determine g(-13).
-6
Let g(j) = -1948*j - 44780. Give g(-23).
24
Let a(k) = -200*k + 595. Give a(3).
-5
Let a(x) = 2*x**2 - 197*x + 730. Give a(95).
65
Let g(w) = 14*w - 362. Determine g(55).
408
Let n(y) = -1607*y + 48203. Calculate n(30).
-7
Let s(w) = -184*w + 758. Calculate s(4).
22
Let m(x) = x**3 - 32*x**2 + 59*x - 54. What is m(30)?
-84
Let t(r) = r**2 + 9*r + 21. What is t(-3)?
3
Let w(v) = 54*v + 2542. Give w(-47).
4
Let x(k) = 6545*k - 26182. Determine x(4).
-2
Let j(b) = -b**3 - 54*b**2 + 147*b + 70. Determine j(3).
-2
Let v(o) = -7*o**2 + 2*o - 218. Give v(0).
-218
Let x(h) = 7*h**3 + 635*h**2 - 186*h - 363. Calculate x(-91).
1
Let j(r) = -206*r - 38. Calculate j(-2).
374
Let k(f) = 7*f**2 + 499*f - 342. Calculate k(-72).
18
Let j(f) = -41*f - 23. Calculate j(-5).
182
Let j(h) = -2362*h - 35435. Calculate j(-15).
-5
Let c(m) = -2*m**2 + 1202*m + 24842. What is c(-20)?
2
Let p(n) = -2*n**3 + 7*n**2 + 518*n - 2. Give p(18).
-74
Let p(s) = 3*s**3 - 18*s**2 + 7*s - 3. What is p(6)?
39
Let s(f) = -18*f**2 - 37*f + 71. Determine s(2).
-75
Let j(p) = -5*p**3 + 6*p**2 - p - 3. Calculate j(1).
-3
Let v(a) = -a**3 + 54*a + 25. Calculate v(7).
60
Let y(v) = 19*v - 1193. What is y(63)?
4
Let s(r) = -196*r - 1339. What is s(-7)?
33
Let n(i) = 60*i - 445. Give n(9).
95
Let f(l) = -4*l**3 - 8*l**2 + 5. What is f(-3)?
41
Let g(l) = 5885*l + 35319. Give g(-6).
9
Let n(w) = 2*w**3 - 494*w**2 - 3*w + 735. Give n(247).
-6
Let y(r) = 8*r**2 + 3*r + 1. Give y(-1).
6
Let d(z) = z**3 - 10*z**2 - 29*z - 11. Give d(-2).
-1
Let j(p) = -27*p - 420. Calculate j(-14).
-42
Let j(z) = -43*z - 247. Give j(-7).
54
Let i(q) = 5*q**2 + 223*q - 98. What is i(-45)?
-8
Let y(i) = -10*i + 397. Calculate y(48).
-83
Let k(s) = -18*s + 25. Give k(4).
-47
Let w(d) = d**2 - 60*d + 785. Calculate w(27).
-106
Let v(j) = 2659*j - 15942. Give v(6).
12
Let z(y) = -183*y + 1900. Determine z(13).
-479
Let c(z) = z**3 + z**2 + 96*z + 373. Give c(-4).
-59
Let v(d) = 2*d**3 - 5*d**2 + 103*d - 204. What is v(2)?
-2
Let p(h) = h**3 + 42*h**2 + 505*h + 2319. What is p(-26)?
5
Let f(l) = -l**2 - 259*l + 133385. Determine f(258).
-1
Let z(d) = 2*d**2 + 6*d + 6. What is z(6)?
114
Let p(j) = j**2 - 51*j + 398. Calculate p(27).
-250
Let b(n) = -n**3 + 12*n**2 + 109*n + 9. What is b(-6)?
3
Let x(k) = -2*k**3 - 39*k**2 - 26*k - 140. Determine x(-19).
-7
Let m(d) = -d**3 - 34*d**2 - 181*d - 334. Give m(-28).
30
Let q(r) = -r**3 + 32*r**2 - 255*r - 4. Calculate q(16).
12
Let s(o) = -o**3 - 14*o**2 + 13*o + 5. Determine s(-14).
-177
Let u(p) = -p**2 + 14*p - 257. Give u(-17).
-784
Let a(r) = 18*r + 206. Calculate a(-14).
-46
Let h(o) = -573*o + 12601. Give h(22).
-5
Let g(i) = 28*i**3 + 118*i**2 + 20*i - 13. Give g(-4).
3
Let c(v) = 363*v - 3698. Give c(10).
-68
Let q(m) = m - 235. What is q(46)?
-189
Let s(z) = 47*z**2 + 85*z + 8. Give s(-1).
-30
Let x(j) = -6*j**2 - 63*j - 192. Determine x(-3).
-57
Let l(p) = 2*p**2 + 59*p + 87. What is l(0)?
87
Let p(l) = -l**2 - 151. Calculate p(24).
-727
Let z(h) = 158*h - 514. What is z(3)?
-40
Let w(s) = 9*s**3 - s**2 - 5*s + 17. Give w(-4).
-555
Let r(u) = 2*u**2 + 21*u - 322. Give r(-19).
1
Let r(x) = -x**3 + 53*x**2 + 30*x - 4247. Calculate r(52).
17
Let s(c) = 3*c**2 - 3*c + 11. Give s(2).
17
Let u(a) = a**3 - 19*a**2 + 49*a - 99. What is u(14)?
-393
Let r(q) = q**2 - 261*q + 8057. Give r(36).
-43
Let t(a) = a**2 - 18*a + 59. Calculate t(4).
3
Let n(c) = -c**3 - 123*c**2 - 3027*c - 113. Calculate n(-89).
-24
Let k(s) = s + 17. What is k(1)?
18
Let i(d) = -411*d + 6516. What is i(16)?
-60
Let y(p) = 3014*p - 8. What is y(0)?
-8
Let p(l) = 2*l**3 + 60*l**2 - 62*l + 2. Give p(-31).
2
Let i(j) = -27*j**2 + 3332*j - 1344. What is i(123)?
9
Let x(k) = -153*k - 864. Determine x(-6).
54
Let q(s) = -23*s**2 - 52*s - 14. Determine q(-2).
-2
Let x(i) = 95406*i - 763252. What is x(8)?
-4
Let r(g) = g**2 - 824*g + 81553. Give r(115).
18
Let l(q) = 29*q + 458. Give l(-16).
-6
Let o(a) = 47*a - 2595. Calculate o(56).
37
Let s(y) = 2*y**2 - 4*y - 49. What is s(9)?
77
Let a(y) = -20*y**3 + y**2 + y + 7. Determine a(2).
-147
Let m(g) = 2*g**2 + 68*g + 414. What is m(-8)?
-2
Let i(w) = -3*w**3 - 44*w**2 + 1760*w + 64. Determine i(18).
-8
Let o(n) = -n**3 + 25*n**2 - 46*n - 26. Give o(23).
-26
Let c(h) = -2*h**3 + 64*h**2 - 59*h - 72. Calculate c(31).
21
Let h(s) = 633*s + 5048. What is h(-8)?
-16
Let a(l) = l**2 + 78*l - 313. Give a(-80).
-153
Let o(b) = -9*b**2 - 596*b - 113. Calculate o(-66).
19
Let w(c) = c**2 - 46*c + 521. Calculate w(32).
73
Let g(k) = -2*k**2 + 153*k - 2408. Calculate g(22).
-10
Let i(c) = 2*c**3 + 34*c**2 - 34*c - 594. Calculate i(-17).
-16
Let k(s) = -2*s**2 + 90*s - 933. Calculate k(28).
19
Let b(x) = -x**2 - 67*x - 529. What is b(-9)?
-7
Let y(d) = -5*d**3 + 42*d**2 + d + 44. Calculate y(9).
-190
Let u(y) = y**3 - 40*y**2 + 177*y - 44. Give u(35).
26
Let o(u) = -u**3 - 13*u**2 + 39*u + 136. Give o(-15).
1
Let k(q) = q**2 + 302*q + 22773. Determine k(-149).
-24
Let z(s) = -21*s - 12. Determine z(-2).
30
Let p(q) = q**2 - 20*q - 14. Determine p(20).
-14
Let g(c) = 34*c**2 - 122*c + 10. What is g(5)?
250
Let v(u) = -45*u + 2370. Calculate v(55).
-105
Let b(d) = -113*d**3 - 7*d**2 - 61*d - 53. Calculate b(-1).
114
Let z(w) = 46*w + 1782. Determine z(-38).
34
Let w(z) = z**3 + 13*z**2 - 36*z - 15. What is w(-15)?
75
Let g(s) = 161*s + 3206. Calculate g(-20).
-14
Let w(u) = u**2 + 64*u - 1127. Give w(-78).
-35
Let i(o) = -o**2 + 190*o + 25948. Determine i(-92).
4
Let y(f) = 43*f - 230. Calculate y(5).
-15
Let g(d) = 2*d**3 + 12*d**2 + 2*d + 13. Calculate g(-5).
53
Let u(x) = -24*x - 547. Determine u(-23).
5
Let h(a) = 51*a + 1637. Determine h(-32).
5
Let i(q) = -q**2 - 42*q + 863. Give i(15).
8
Let b(k) = k**2 + 6*k + 28. Determine b(-6).
28
Let j(z) = z**3 + 11*z**2 - 29*z - 28. Give j(-13).
11
Let h(x) = x**3 + 10*x**2 - 33*x + 1. Give h(-10).
331
Let p(s) = s**2 - 33*s - 61. Determine p(35).
9
Let j(w) = -61*w + 1423. Calculate j(23).
20
Let z(y) = -6*y**3 + 40*y**2 - 10*y - 6. Determine z(6).
78
Let h(q) = q**2 + 62*q + 639. Calculate h(-13).
2
Let j(c) = c**2 - 41*c + 356. What is j(12)?
8
Let d(o) = -o**3 - 4*o**2 + 73*o + 340. Calculate d(-5).
0
Let h(j) = -6*j**2 + 4*j - 42. Determine h(-7).
-364
Let z(l) = 24*l**2 - 16*l - 13. What is z(-4)?
435
Let q(v) = 2*v**2 + 83*v - 61. What is q(-45)?
254
Let k(j) = 2*j**3 - 109*j**2 + 52*j + 130. Determine k(54).
22
Let u(g) = -g**3 - 5*g**2 - 2*g + 24. Determine u(-4).
16
Let r(n) = -2*n**2 + 24*n - 54. What is r(10)?
-14
Let b(s) = -s**3 - 119*s**2 + 4*s + 487. Calculate b(-119).
11
Let u(s) = -217*s + 5637. Determine u(26).
-5
Let i(s) = -2614*s + 57508. What is i(22)?
0
Let q(d) = -3*d**3 + 37*d**2 - 13*d + 30. What is q(12)?
18
Let k(x) = x**3 + 47*x**2 + 56*x + 478. What is k(-46)?
18
